 factors of 5146.
2, 31, 83
List the prime factors of 4089.
3, 29, 47
What are the prime factors of 156404?
2, 61, 641
What are the prime factors of 24763?
24763
List the prime factors of 18610.
2, 5, 1861
What are the prime factors of 172?
2, 43
What are the prime factors of 1663?
1663
What are the prime factors of 8018?
2, 19, 211
What are the prime factors of 1918?
2, 7, 137
List the prime factors of 1301.
1301
List the prime factors of 5126.
2, 11, 233
What are the prime factors of 2384?
2, 149
List the prime factors of 98575.
5, 3943
List the prime factors of 128.
2
What are the prime factors of 4461?
3, 1487
What are the prime factors of 736?
2, 23
What are the prime factors of 2394?
2, 3, 7, 19
List the prime factors of 3959.
37, 107
List the prime factors of 41981.
41981
What are the prime factors of 4935?
3, 5, 7, 47
What are the prime factors of 111497?
111497
What are the prime factors of 6424?
2, 11, 73
List the prime factors of 104092.
2, 53, 491
What are the prime factors of 5235?
3, 5, 349
What are the prime factors of 2741?
2741
What are the prime factors of 3484?
2, 13, 67
List the prime factors of 636.
2, 3, 53
What are the prime factors of 103793?
271, 383
What are the prime factors of 1244?
2, 311
What are the prime factors of 5219?
17, 307
List the prime factors of 175.
5, 7
List the prime factors of 205.
5, 41
What are the prime factors of 10811?
19, 569
List the prime factors of 89514.
2, 3, 4973
List the prime factors of 5151.
3, 17, 101
List the prime factors of 80.
2, 5
What are the prime factors of 33162?
2, 3, 5527
List the prime factors of 58962.
2, 3, 31, 317
List the prime factors of 1319.
1319
List the prime factors of 693.
3, 7, 11
List the prime factors of 79539.
3, 26513
What are the prime factors of 6794?
2, 43, 79
List the prime factors of 66123.
3, 31, 79
List the prime factors of 1252.
2, 313
What are the prime factors of 9647?
11, 877
List the prime factors of 195602.
2, 11, 17, 523
What are the prime factors of 89695?
5, 17939
What are the prime factors of 14305?
5, 2861
List the prime factors of 4630.
2, 5, 463
List the prime factors of 4152.
2, 3, 173
List the prime factors of 14.
2, 7
What are the prime factors of 39922?
2, 19961
What are the prime factors of 658?
2, 7, 47
What are the prime factors of 1848?
2, 3, 7, 11
What are the prime factors of 2224?
2, 139
List the prime factors of 19980.
2, 3, 5, 37
List the prime factors of 1191.
3, 397
List the prime factors of 238.
2, 7, 17
List the prime factors of 19123.
13, 1471
List the prime factors of 13624.
2, 13, 131
List the prime factors of 252.
2, 3, 7
List the prime factors of 19055.
5, 37, 103
List the prime factors of 22953.
3, 7, 1093
What are the prime factors of 12755?
5, 2551
What are the prime factors of 40908?
2, 3, 7, 487
What are the prime factors of 703?
19, 37
List the prime factors of 14270.
2, 5, 1427
What are the prime factors of 1209?
3, 13, 31
What are the prime factors of 112854?
2, 3, 7, 2687
List the prime factors of 941.
941
What are the prime factors of 17688?
2, 3, 11, 67
What are the prime factors of 481?
13, 37
List the prime factors of 8936.
2, 1117
List the prime factors of 3668.
2, 7, 131
What are the prime factors of 30639?
3, 7, 1459
List the prime factors of 865.
5, 173
What are the prime factors of 32534?
2, 16267
What are the prime factors of 80?
2, 5
List the prime factors of 33080.
2, 5, 827
List the prime factors of 60579.
3, 53, 127
List the prime factors of 624.
2, 3, 13
List the prime factors of 177.
3, 59
List the prime factors of 8509.
67, 127
What are the prime factors of 25995?
3, 5, 1733
What are the prime factors of 4964?
2, 17, 73
List the prime factors of 26.
2, 13
What are the prime factors of 3833?
3833
What are the prime factors of 46442?
2, 11, 2111
List the prime factors of 48183.
3, 16061
List the prime factors of 11470.
2, 5, 31, 37
What are the prime factors of 12495?
3, 5, 7, 17
List the prime factors of 30411.
3, 31, 109
List the prime factors of 125.
5
What are the prime factors of 2209?
47
What are the prime factors of 10959?
3, 13, 281
List the prime factors of 55202.
2, 7, 3943
List the prime factors of 61054.
2, 7, 89
List the prime factors of 2150.
2, 5, 43
List the prime factors of 6252.
2, 3, 521
What are the prime factors of 67345?
5, 13469
What are the prime factors of 7061?
23, 307
What are the prime factors of 711?
3, 79
What are the prime factors of 51235?
5, 10247
List the prime factors of 10030.
2, 5, 17, 59
List the prime factors of 5370.
2, 3, 5, 179
What are the prime factors of 17849?
13, 1373
What are the prime factors of 9439?
9439
What are the prime factors of 11240?
2, 5, 281
What are the prime factors of 579?
3, 193
List the prime factors of 5790.
2, 3, 5, 193
List the prime factors of 3103.
29, 107
List the prime factors of 964.
2, 241
What are the prime factors of 16526?
2, 8263
What are the prime factors of 551?
19, 29
List the prime factors of 2941.
17, 173
List the prime factors of 15480.
2, 3, 5, 43
What are the prime factors of 2060?
2, 5, 103
What are the prime factors of 69807?
3, 23269
What are the prime factors of 141?
3, 47
List the prime factors of 2383.
2383
List the prime factors of 14013.
3, 173
List the prime factors of 1475.
5, 59
List the prime factors of 8269.
8269
List the prime factors of 3090.
2, 3, 5, 103
What are the prime factors of 14395?
5, 2879
What are the prime factors of 668?
2, 167
What are the prime factors of 1040?
2, 5, 13
What are the prime factors of 8942?
2, 17, 263
What are the prime factors of 3579?
3, 1193
List the prime factors of 760.
2, 5, 19
List the prime factors of 4451.
4451
What are the prime factors of 12326?
2, 6163
List the prime factors of 589.
19, 31
List the prime factors of 32691.
3, 17, 641
What are the prime factors of 1522?
2, 761
What are the prime factors of 568?
2, 71
List the prime factors of 18980.
2, 5, 13, 73
List the prime factors of 12763.
12763
List the prime factors of 478.
2, 239
List the prime factors of 220.
2, 5, 11
What are the prime factors of 4201?
4201
What are the prime factors of 39420?
2, 3, 5, 73
List the prime factors of 46590.
2, 3, 5, 1553
What are the prime factors of 54012?
2, 3, 7, 643
What are the prime factors of 2401?
7
List the prime factors of 9803.
9803
What are the prime factors of 1073?
29, 37
What are the prime factors of 67514?
2, 33757
List the prime factors of 5502.
2, 3, 7, 131
What are the prime factors of 1408?
2, 11
What are the prime factors of 20457?
3, 2273
List the prime factors of 14865.
3, 5, 991
What are the prime factors of 31247?
31247
List the prime factors of 36652.
2, 7, 11, 17
List the prime factors of 9584.
2, 599
List the prime factors of 17167.
17167
List the prime factors of 846.
2, 3, 47
What are the prime factors of 3790?
2, 5, 379
List the prime factors of 1243.
11, 113
List the prime factors of 43691.
43691
List the prime factors of 427.
7, 61
List the prime factors of 912.
2, 3, 19
What are the prime factors of 68559?
3, 22853
List the prime factors of 13755.
3, 5, 7, 131
List the prime factors of 634.
2, 317
List the prime factors of 17019.
3, 31, 61
What are the prime factors of 772?
2, 193
What are the prime factors of 5919?
3, 1973
List the prime factors of 24702.
2, 3, 23, 179
List the prime factors of 19276.
2, 61, 79
List the prime factors of 1060.
2, 5, 53
List the prime factors of 294.
2, 3, 7
What are the prime factors of 23514?
2, 3, 3919
What are the prime factors of 1124?
2, 281
What are the prime factors of 64864?
2, 2027
What are the prime factors of 7230?
2, 3, 5, 241
List the prime factors of 651.
3, 7, 31
What are the prime factors of 936?
2, 3, 13
List the prime factors of 5246.
2, 43, 61
What are the prime factors of 1479?
3, 17, 29
What are the prime factors of 48266?
2, 24133
List the prime factors of 125564.
2, 31391
List the prime factors of 2149.
7, 307
List the prime factors of 676.
2, 13
List the prime factors of 3849.
3, 1283
What are the prime factors of 4202?
2, 11, 191
What are the prime factors of 4364?
2, 1091
What are the prime factors of 30529?
30529
List the prime factors of 309.
3, 103
List the prime factors of 70770.
2, 3, 5, 7, 337
What are the prime factors of 9535?
5, 1907
List the prime factors 